{"id":89,"date":"2024-03-01T15:14:48","date_gmt":"2024-03-01T14:14:48","guid":{"rendered":"http:\/\/2batzcc.com\/?page_id=89"},"modified":"2024-03-01T16:01:27","modified_gmt":"2024-03-01T15:01:27","slug":"vehicules-disponibles","status":"publish","type":"page","link":"https:\/\/2batzcc.com\/index.php\/vehicules-disponibles\/","title":{"rendered":"V\u00e9hicules disponibles"},"content":{"rendered":"\n<p>01\/03\/2024<\/p>\n\n\n\n<p>205 T16 Peugeot blanche &#8211; 1\u00e8re main &#8211; ann\u00e9e 1986 &#8211; kilom\u00e9trage tr\u00e8s faible <img loading=\"lazy\" decoding=\"async\" width=\"150\" height=\"84\" class=\"wp-image-288\" style=\"width: 150px;\" src=\"https:\/\/2batzcc.com\/wp-content\/uploads\/2024\/03\/peugeot-205-t16.jpg\" alt=\"\" srcset=\"https:\/\/2batzcc.com\/wp-content\/uploads\/2024\/03\/peugeot-205-t16.jpg 1920w, https:\/\/2batzcc.com\/wp-content\/uploads\/2024\/03\/peugeot-205-t16-300x169.jpg 300w, https:\/\/2batzcc.com\/wp-content\/uploads\/2024\/03\/peugeot-205-t16-1024x576.jpg 1024w, https:\/\/2batzcc.com\/wp-content\/uploads\/2024\/03\/peugeot-205-t16-768x432.jpg 768w, https:\/\/2batzcc.com\/wp-content\/uploads\/2024\/03\/peugeot-205-t16-1536x864.jpg 1536w\" sizes=\"auto, (max-width: 150px) 100vw, 150px\" \/><\/p>\n\n\n\n<p>Renault 5 Turbo 2 rouge  &#8211; 1\u00e8re main &#8211; Ann\u00e9e 1985 &#8211; kilom\u00e9trage tr\u00e8s faible <img loading=\"lazy\" decoding=\"async\" width=\"150\" height=\"87\" class=\"wp-image-289\" style=\"width: 150px;\" src=\"https:\/\/2batzcc.com\/wp-content\/uploads\/2024\/03\/Renault-5-turbo-2.jpg\" alt=\"\"><\/p>\n\n\n\n<p>Renault 8 Gordini bleu &#8211; 1\u00e8re main &#8211;  1968 &#8211;  &#8211; kilom\u00e9trage &lt; 50000 kms <img loading=\"lazy\" decoding=\"async\" width=\"150\" height=\"111\" class=\"wp-image-286\" style=\"width: 150px;\" src=\"https:\/\/2batzcc.com\/wp-content\/uploads\/2024\/03\/Renault-8-Gordini-back.jpg\" alt=\"\" srcset=\"https:\/\/2batzcc.com\/wp-content\/uploads\/2024\/03\/Renault-8-Gordini-back.jpg 370w, https:\/\/2batzcc.com\/wp-content\/uploads\/2024\/03\/Renault-8-Gordini-back-300x222.jpg 300w\" sizes=\"auto, (max-width: 150px) 100vw, 150px\" \/><\/p>\n\n\n\n<p>Renault 12 Gordini bleu &#8211; 1\u00e8re main &#8211; 1972 &#8211; kilom\u00e9trage &lt; 50000 kms <img loading=\"lazy\" decoding=\"async\" width=\"150\" height=\"90\" class=\"wp-image-287\" style=\"width: 150px;\" src=\"https:\/\/2batzcc.com\/wp-content\/uploads\/2024\/03\/Renault-12-Gordini.jpg\" alt=\"\" srcset=\"https:\/\/2batzcc.com\/wp-content\/uploads\/2024\/03\/Renault-12-Gordini.jpg 382w, https:\/\/2batzcc.com\/wp-content\/uploads\/2024\/03\/Renault-12-Gordini-300x180.jpg 300w\" sizes=\"auto, (max-width: 150px) 100vw, 150px\" \/><\/p>\n","protected":false},"excerpt":{"rendered":"<p>01\/03\/2024 205 T16 Peugeot blanche &#8211; 1\u00e8re main &#8211; ann\u00e9e 1986 &#8211; kilom\u00e9trage tr\u00e8s faible Renault 5 Turbo 2 rouge &#8211; 1\u00e8re main &#8211; Ann\u00e9e 1985 &#8211; kilom\u00e9trage tr\u00e8s faible Renault 8 Gordini bleu &#8211; 1\u00e8re main &#8211; 1968 &#8211; &#8211; kilom\u00e9trage &lt; 50000 kms Renault 12 Gordini bleu &#8211; 1\u00e8re main &#8211; 1972 &#8211; &hellip;<\/p>\n<p class=\"read-more\"> <a class=\"\" href=\"https:\/\/2batzcc.com\/index.php\/vehicules-disponibles\/\"> <span class=\"screen-reader-text\">V\u00e9hicules disponibles<\/span> Lire la suite\u00a0\u00bb<\/a><\/p>\n","protected":false},"author":1,"featured_media":0,"parent":0,"menu_order":0,"comment_status":"closed","ping_status":"closed","template":"","meta":{"site-sidebar-layout":"default","site-content-layout":"default","ast-main-header-display":"","ast-hfb-above-header-display":"","ast-hfb-below-header-display":"","ast-hfb-mobile-header-display":"","site-post-title":"","ast-breadcrumbs-content":"","ast-featured-img":"","footer-sml-layout":"","theme-transparent-header-meta":"default","adv-header-id-meta":"","stick-header-meta":"","header-above-stick-meta":"","header-main-stick-meta":"","header-below-stick-meta":"","footnotes":""},"class_list":["post-89","page","type-page","status-publish","hentry"],"yoast_head":"<!-- This site is optimized with the Yoast SEO plugin v24.9 - https:\/\/yoast.com\/wordpress\/plugins\/seo\/ -->\n<title>V\u00e9hicules disponibles - 2Batz CC<\/title>\n<meta name=\"robots\" content=\"index, follow, max-snippet:-1, max-image-preview:large, max-video-preview:-1\" \/>\n<link rel=\"canonical\" href=\"https:\/\/2batzcc.com\/index.php\/vehicules-disponibles\/\" \/>\n<meta property=\"og:locale\" content=\"fr_FR\" \/>\n<meta property=\"og:type\" content=\"article\" \/>\n<meta property=\"og:title\" content=\"V\u00e9hicules disponibles - 2Batz CC\" \/>\n<meta property=\"og:description\" content=\"01\/03\/2024 205 T16 Peugeot blanche &#8211; 1\u00e8re main &#8211; ann\u00e9e 1986 &#8211; kilom\u00e9trage tr\u00e8s faible Renault 5 Turbo 2 rouge &#8211; 1\u00e8re main &#8211; Ann\u00e9e 1985 &#8211; kilom\u00e9trage tr\u00e8s faible Renault 8 Gordini bleu &#8211; 1\u00e8re main &#8211; 1968 &#8211; &#8211; kilom\u00e9trage &lt; 50000 kms Renault 12 Gordini bleu &#8211; 1\u00e8re main &#8211; 1972 &#8211; &hellip; V\u00e9hicules disponibles Lire la suite\u00a0\u00bb\" \/>\n<meta property=\"og:url\" content=\"https:\/\/2batzcc.com\/index.php\/vehicules-disponibles\/\" \/>\n<meta property=\"og:site_name\" content=\"2Batz CC\" \/>\n<meta property=\"article:modified_time\" content=\"2024-03-01T15:01:27+00:00\" \/>\n<meta property=\"og:image\" content=\"https:\/\/2batzcc.com\/wp-content\/uploads\/2024\/03\/peugeot-205-t16.jpg\" \/>\n<meta name=\"twitter:card\" content=\"summary_large_image\" \/>\n<meta name=\"twitter:label1\" content=\"Dur\u00e9e de lecture estim\u00e9e\" \/>\n\t<meta name=\"twitter:data1\" content=\"2 minutes\" \/>\n<script type=\"application\/ld+json\" class=\"yoast-schema-graph\">{\"@context\":\"https:\/\/schema.org\",\"@graph\":[{\"@type\":\"WebPage\",\"@id\":\"https:\/\/2batzcc.com\/index.php\/vehicules-disponibles\/\",\"url\":\"https:\/\/2batzcc.com\/index.php\/vehicules-disponibles\/\",\"name\":\"V\u00e9hicules disponibles - 2Batz CC\",\"isPartOf\":{\"@id\":\"https:\/\/2batzcc.com\/#website\"},\"primaryImageOfPage\":{\"@id\":\"https:\/\/2batzcc.com\/index.php\/vehicules-disponibles\/#primaryimage\"},\"image\":{\"@id\":\"https:\/\/2batzcc.com\/index.php\/vehicules-disponibles\/#primaryimage\"},\"thumbnailUrl\":\"https:\/\/2batzcc.com\/wp-content\/uploads\/2024\/03\/peugeot-205-t16.jpg\",\"datePublished\":\"2024-03-01T14:14:48+00:00\",\"dateModified\":\"2024-03-01T15:01:27+00:00\",\"breadcrumb\":{\"@id\":\"https:\/\/2batzcc.com\/index.php\/vehicules-disponibles\/#breadcrumb\"},\"inLanguage\":\"fr-FR\",\"potentialAction\":[{\"@type\":\"ReadAction\",\"target\":[\"https:\/\/2batzcc.com\/index.php\/vehicules-disponibles\/\"]}]},{\"@type\":\"ImageObject\",\"inLanguage\":\"fr-FR\",\"@id\":\"https:\/\/2batzcc.com\/index.php\/vehicules-disponibles\/#primaryimage\",\"url\":\"https:\/\/2batzcc.com\/wp-content\/uploads\/2024\/03\/peugeot-205-t16.jpg\",\"contentUrl\":\"https:\/\/2batzcc.com\/wp-content\/uploads\/2024\/03\/peugeot-205-t16.jpg\",\"width\":1920,\"height\":1080},{\"@type\":\"BreadcrumbList\",\"@id\":\"https:\/\/2batzcc.com\/index.php\/vehicules-disponibles\/#breadcrumb\",\"itemListElement\":[{\"@type\":\"ListItem\",\"position\":1,\"name\":\"Accueil\",\"item\":\"https:\/\/2batzcc.com\/\"},{\"@type\":\"ListItem\",\"position\":2,\"name\":\"V\u00e9hicules disponibles\"}]},{\"@type\":\"WebSite\",\"@id\":\"https:\/\/2batzcc.com\/#website\",\"url\":\"https:\/\/2batzcc.com\/\",\"name\":\"2Batz CC\",\"description\":\"2Batz C\",\"publisher\":{\"@id\":\"https:\/\/2batzcc.com\/#organization\"},\"potentialAction\":[{\"@type\":\"SearchAction\",\"target\":{\"@type\":\"EntryPoint\",\"urlTemplate\":\"https:\/\/2batzcc.com\/?s={search_term_string}\"},\"query-input\":{\"@type\":\"PropertyValueSpecification\",\"valueRequired\":true,\"valueName\":\"search_term_string\"}}],\"inLanguage\":\"fr-FR\"},{\"@type\":\"Organization\",\"@id\":\"https:\/\/2batzcc.com\/#organization\",\"name\":\"2Batz CC\",\"url\":\"https:\/\/2batzcc.com\/\",\"logo\":{\"@type\":\"ImageObject\",\"inLanguage\":\"fr-FR\",\"@id\":\"https:\/\/2batzcc.com\/#\/schema\/logo\/image\/\",\"url\":\"https:\/\/2batzcc.com\/wp-content\/uploads\/2021\/02\/cropped-Logo-2Batz-Classic-Cars-e1612195067603.png\",\"contentUrl\":\"https:\/\/2batzcc.com\/wp-content\/uploads\/2021\/02\/cropped-Logo-2Batz-Classic-Cars-e1612195067603.png\",\"width\":354,\"height\":185,\"caption\":\"2Batz CC\"},\"image\":{\"@id\":\"https:\/\/2batzcc.com\/#\/schema\/logo\/image\/\"}}]}<\/script>\n<!-- \/ Yoast SEO plugin. -->","yoast_head_json":{"title":"V\u00e9hicules disponibles - 2Batz CC","robots":{"index":"index","follow":"follow","max-snippet":"max-snippet:-1","max-image-preview":"max-image-preview:large","max-video-preview":"max-video-preview:-1"},"canonical":"https:\/\/2batzcc.com\/index.php\/vehicules-disponibles\/","og_locale":"fr_FR","og_type":"article","og_title":"V\u00e9hicules disponibles - 2Batz CC","og_description":"01\/03\/2024 205 T16 Peugeot blanche &#8211; 1\u00e8re main &#8211; ann\u00e9e 1986 &#8211; kilom\u00e9trage tr\u00e8s faible Renault 5 Turbo 2 rouge &#8211; 1\u00e8re main &#8211; Ann\u00e9e 1985 &#8211; kilom\u00e9trage tr\u00e8s faible Renault 8 Gordini bleu &#8211; 1\u00e8re main &#8211; 1968 &#8211; &#8211; kilom\u00e9trage &lt; 50000 kms Renault 12 Gordini bleu &#8211; 1\u00e8re main &#8211; 1972 &#8211; &hellip; V\u00e9hicules disponibles Lire la suite\u00a0\u00bb","og_url":"https:\/\/2batzcc.com\/index.php\/vehicules-disponibles\/","og_site_name":"2Batz CC","article_modified_time":"2024-03-01T15:01:27+00:00","og_image":[{"url":"https:\/\/2batzcc.com\/wp-content\/uploads\/2024\/03\/peugeot-205-t16.jpg","type":"","width":"","height":""}],"twitter_card":"summary_large_image","twitter_misc":{"Dur\u00e9e de lecture estim\u00e9e":"2 minutes"},"schema":{"@context":"https:\/\/schema.org","@graph":[{"@type":"WebPage","@id":"https:\/\/2batzcc.com\/index.php\/vehicules-disponibles\/","url":"https:\/\/2batzcc.com\/index.php\/vehicules-disponibles\/","name":"V\u00e9hicules disponibles - 2Batz CC","isPartOf":{"@id":"https:\/\/2batzcc.com\/#website"},"primaryImageOfPage":{"@id":"https:\/\/2batzcc.com\/index.php\/vehicules-disponibles\/#primaryimage"},"image":{"@id":"https:\/\/2batzcc.com\/index.php\/vehicules-disponibles\/#primaryimage"},"thumbnailUrl":"https:\/\/2batzcc.com\/wp-content\/uploads\/2024\/03\/peugeot-205-t16.jpg","datePublished":"2024-03-01T14:14:48+00:00","dateModified":"2024-03-01T15:01:27+00:00","breadcrumb":{"@id":"https:\/\/2batzcc.com\/index.php\/vehicules-disponibles\/#breadcrumb"},"inLanguage":"fr-FR","potentialAction":[{"@type":"ReadAction","target":["https:\/\/2batzcc.com\/index.php\/vehicules-disponibles\/"]}]},{"@type":"ImageObject","inLanguage":"fr-FR","@id":"https:\/\/2batzcc.com\/index.php\/vehicules-disponibles\/#primaryimage","url":"https:\/\/2batzcc.com\/wp-content\/uploads\/2024\/03\/peugeot-205-t16.jpg","contentUrl":"https:\/\/2batzcc.com\/wp-content\/uploads\/2024\/03\/peugeot-205-t16.jpg","width":1920,"height":1080},{"@type":"BreadcrumbList","@id":"https:\/\/2batzcc.com\/index.php\/vehicules-disponibles\/#breadcrumb","itemListElement":[{"@type":"ListItem","position":1,"name":"Accueil","item":"https:\/\/2batzcc.com\/"},{"@type":"ListItem","position":2,"name":"V\u00e9hicules disponibles"}]},{"@type":"WebSite","@id":"https:\/\/2batzcc.com\/#website","url":"https:\/\/2batzcc.com\/","name":"2Batz CC","description":"2Batz C","publisher":{"@id":"https:\/\/2batzcc.com\/#organization"},"potentialAction":[{"@type":"SearchAction","target":{"@type":"EntryPoint","urlTemplate":"https:\/\/2batzcc.com\/?s={search_term_string}"},"query-input":{"@type":"PropertyValueSpecification","valueRequired":true,"valueName":"search_term_string"}}],"inLanguage":"fr-FR"},{"@type":"Organization","@id":"https:\/\/2batzcc.com\/#organization","name":"2Batz CC","url":"https:\/\/2batzcc.com\/","logo":{"@type":"ImageObject","inLanguage":"fr-FR","@id":"https:\/\/2batzcc.com\/#\/schema\/logo\/image\/","url":"https:\/\/2batzcc.com\/wp-content\/uploads\/2021\/02\/cropped-Logo-2Batz-Classic-Cars-e1612195067603.png","contentUrl":"https:\/\/2batzcc.com\/wp-content\/uploads\/2021\/02\/cropped-Logo-2Batz-Classic-Cars-e1612195067603.png","width":354,"height":185,"caption":"2Batz CC"},"image":{"@id":"https:\/\/2batzcc.com\/#\/schema\/logo\/image\/"}}]}},"_links":{"self":[{"href":"https:\/\/2batzcc.com\/index.php\/wp-json\/wp\/v2\/pages\/89","targetHints":{"allow":["GET"]}}],"collection":[{"href":"https:\/\/2batzcc.com\/index.php\/wp-json\/wp\/v2\/pages"}],"about":[{"href":"https:\/\/2batzcc.com\/index.php\/wp-json\/wp\/v2\/types\/page"}],"author":[{"embeddable":true,"href":"https:\/\/2batzcc.com\/index.php\/wp-json\/wp\/v2\/users\/1"}],"replies":[{"embeddable":true,"href":"https:\/\/2batzcc.com\/index.php\/wp-json\/wp\/v2\/comments?post=89"}],"version-history":[{"count":5,"href":"https:\/\/2batzcc.com\/index.php\/wp-json\/wp\/v2\/pages\/89\/revisions"}],"predecessor-version":[{"id":290,"href":"https:\/\/2batzcc.com\/index.php\/wp-json\/wp\/v2\/pages\/89\/revisions\/290"}],"wp:attachment":[{"href":"https:\/\/2batzcc.com\/index.php\/wp-json\/wp\/v2\/media?parent=89"}],"curies":[{"name":"wp","href":"https:\/\/api.w.org\/{rel}","templated":true}]}}